{"id":462,"date":"2020-05-13T19:00:16","date_gmt":"2020-05-14T00:00:16","guid":{"rendered":"https:\/\/demo.winnertheme.com\/zapedah\/?page_id=462"},"modified":"2023-07-09T21:43:56","modified_gmt":"2023-07-10T02:43:56","slug":"inicio","status":"publish","type":"page","link":"https:\/\/sertech.seracis.com\/","title":{"rendered":"INICIO"},"content":{"rendered":"\t\t<div data-elementor-type=\"wp-page\" data-elementor-id=\"462\" class=\"elementor elementor-462\">\n\t\t\t\t\t\t<section class=\"elementor-section elementor-top-section elementor-element elementor-element-4849bbd elementor-section-full_width elementor-section-height-default elementor-section-height-default\" data-id=\"4849bbd\" data-element_type=\"section\" data-e-type=\"section\">\n\t\t\t\t\t\t<div class=\"elementor-container elementor-column-gap-no\">\n\t\t\t\t\t<div class=\"elementor-column elementor-col-100 elementor-top-column elementor-element elementor-element-35bb1fb\" data-id=\"35bb1fb\" data-element_type=\"column\" data-e-type=\"column\">\n\t\t\t<div class=\"elementor-widget-wrap elementor-element-populated\">\n\t\t\t\t\t\t<div class=\"elementor-element elementor-element-55e974f elementor-widget elementor-widget-rdn-slider\" data-id=\"55e974f\" data-element_type=\"widget\" data-e-type=\"widget\" data-settings=\"{&quot;slider_speed&quot;:8000}\" data-widget_type=\"rdn-slider.default\">\n\t\t\t\t<div class=\"elementor-widget-container\">\n\t\t\t\t\t\r\n\r\n<div class=\"slider home-slider  ani-slider  clearfix\"\r\n    data-slick='{\"autoplaySpeed\": 8000}'>\r\n\r\n    \r\n    <div class=\"item slide clearfix\">\r\n\r\n        <div class=\"slider-img-bg\" data-animation=\"puffIn\" data-delay=\"0.2s\" data-animation-duration=\"0.7s\"\r\n            style=\"background-image:url(https:\/\/sertech.seracis.com\/wp-content\/uploads\/2023\/06\/bi2.jpeg);\"><\/div>\r\n\r\n        <div class=\"slider-mask\" data-animation=\"slideUpReturn\" data-delay=\"0.1s\"><\/div>\r\n\r\n        <div class=\"caption-box clearfix\">\r\n\r\n            <div class=\"slider-box container-fluid\">\r\n                <div class=\"slider-content\">\r\n\r\n\r\n\r\n                    \r\n                                        <p class=\"slider-subtitle\" data-animation=\"fadeIn\" data-delay=\"1.5s\">\r\n                        TABLEROS BI                    <\/p>\r\n                    <div class=\"clearfix\"><\/div>\r\n                    \r\n                    <div class=\"slider-hidden\">\r\n                        <h3 class=\"slider-title\" data-animation=\"fadeInUp\" data-delay=\"0.8s\">\r\n                            Inteligencia empresarial SERACIS<\/h3>\r\n                    <\/div>\r\n                    <!--\/.slider-hidden-->\r\n\r\n\r\n                    \r\n                                        <p class=\"slider-text\" data-animation=\"fadeInDown\" data-delay=\"1s\">\r\n                        Descubra todo el potencial de sus datos mediante herramientas de IA de pr\u00f3xima generaci\u00f3n                    <\/p>\r\n                    \r\n                    \r\n                <\/div>\r\n                <!--\/.slider-content-->\r\n            <\/div>\r\n            <!--\/.slider-box-->\r\n\r\n\r\n\r\n        <\/div>\r\n        <!--\/.caption-box-->\r\n    <\/div>\r\n    <!--\/.slide-->\r\n\r\n    \r\n    <div class=\"item slide clearfix\">\r\n\r\n        <div class=\"slider-img-bg\" data-animation=\"puffIn\" data-delay=\"0.2s\" data-animation-duration=\"0.7s\"\r\n            style=\"background-image:url(https:\/\/sertech.seracis.com\/wp-content\/uploads\/2023\/07\/business-intelligence.webp);\"><\/div>\r\n\r\n        <div class=\"slider-mask\" data-animation=\"slideUpReturn\" data-delay=\"0.1s\"><\/div>\r\n\r\n        <div class=\"caption-box clearfix\">\r\n\r\n            <div class=\"slider-box container-fluid\">\r\n                <div class=\"slider-content\">\r\n\r\n\r\n\r\n                    \r\n                                        <p class=\"slider-subtitle\" data-animation=\"fadeIn\" data-delay=\"1.5s\">\r\n                        TABLEROS BI                    <\/p>\r\n                    <div class=\"clearfix\"><\/div>\r\n                    \r\n                    <div class=\"slider-hidden\">\r\n                        <h3 class=\"slider-title\" data-animation=\"fadeInUp\" data-delay=\"0.8s\">\r\n                            herramientas para transformar informaci\u00f3n en conocimiento<\/h3>\r\n                    <\/div>\r\n                    <!--\/.slider-hidden-->\r\n\r\n\r\n                    \r\n                    \r\n                    \r\n                <\/div>\r\n                <!--\/.slider-content-->\r\n            <\/div>\r\n            <!--\/.slider-box-->\r\n\r\n\r\n\r\n        <\/div>\r\n        <!--\/.caption-box-->\r\n    <\/div>\r\n    <!--\/.slide-->\r\n\r\n    <\/div>\r\n\r\n\r\n\t\t\t\t<\/div>\n\t\t\t\t<\/div>\n\t\t\t\t\t<\/div>\n\t\t<\/div>\n\t\t\t\t\t<\/div>\n\t\t<\/section>\n\t\t<div class=\"elementor-element elementor-element-fd44345 e-flex e-con-boxed e-con e-parent\" data-id=\"fd44345\" data-element_type=\"container\" data-e-type=\"container\">\n\t\t\t\t\t<div class=\"e-con-inner\">\n\t\t\t\t\t<\/div>\n\t\t\t\t<\/div>\n\t\t\t\t<\/div>\n\t\t","protected":false},"excerpt":{"rendered":"<p>TABLEROS BI Inteligencia empresarial SERACIS Descubra todo el potencial de sus datos mediante herramientas de IA de pr\u00f3xima generaci\u00f3n TABLEROS BI herramientas para transformar informaci\u00f3n en conocimiento<\/p>\n","protected":false},"author":52,"featured_media":0,"parent":0,"menu_order":0,"comment_status":"closed","ping_status":"closed","template":"blank-builder.php","meta":{"footnotes":""},"class_list":["post-462","page","type-page","status-publish","hentry"],"_links":{"self":[{"href":"https:\/\/sertech.seracis.com\/index.php?rest_route=\/wp\/v2\/pages\/462","targetHints":{"allow":["GET"]}}],"collection":[{"href":"https:\/\/sertech.seracis.com\/index.php?rest_route=\/wp\/v2\/pages"}],"about":[{"href":"https:\/\/sertech.seracis.com\/index.php?rest_route=\/wp\/v2\/types\/page"}],"author":[{"embeddable":true,"href":"https:\/\/sertech.seracis.com\/index.php?rest_route=\/wp\/v2\/users\/52"}],"replies":[{"embeddable":true,"href":"https:\/\/sertech.seracis.com\/index.php?rest_route=%2Fwp%2Fv2%2Fcomments&post=462"}],"version-history":[{"count":23,"href":"https:\/\/sertech.seracis.com\/index.php?rest_route=\/wp\/v2\/pages\/462\/revisions"}],"predecessor-version":[{"id":23087,"href":"https:\/\/sertech.seracis.com\/index.php?rest_route=\/wp\/v2\/pages\/462\/revisions\/23087"}],"wp:attachment":[{"href":"https:\/\/sertech.seracis.com\/index.php?rest_route=%2Fwp%2Fv2%2Fmedia&parent=462"}],"curies":[{"name":"wp","href":"https:\/\/api.w.org\/{rel}","templated":true}]}}